{"id":4387,"date":"2017-06-24T21:14:06","date_gmt":"2017-06-24T20:14:06","guid":{"rendered":"http:\/\/www.aikidofranchecomte.fr\/wp-content\/uploads\/2017\/06\/Aikido_\u00e9t\u00e9_14-15juillet2017_Doubs.jpg"},"modified":"2017-06-24T21:14:06","modified_gmt":"2017-06-24T20:14:06","slug":"aikido_ete_14-15juillet2017_doubs","status":"inherit","type":"attachment","link":"http:\/\/www.aikidofranchecomte.fr\/?attachment_id=4387","title":{"rendered":"Aikido_\u00e9t\u00e9_14-15juillet2017_Doubs"},"author":5,"featured_media":0,"comment_status":"closed","ping_status":"open","template":"","meta":{"ngg_post_thumbnail":0},"class_list":["post-4387","attachment","type-attachment","status-inherit","hentry"],"description":{"rendered":"<p class=\"attachment\"><a href='http:\/\/www.aikidofranchecomte.fr\/wp-content\/uploads\/2017\/06\/Aikido_\u00e9t\u00e9_14-15juillet2017_Doubs.jpg'><img loading=\"lazy\" decoding=\"async\" width=\"212\" height=\"300\" src=\"http:\/\/www.aikidofranchecomte.fr\/wp-content\/uploads\/2017\/06\/Aikido_\u00e9t\u00e9_14-15juillet2017_Doubs-212x300.jpg\" class=\"attachment-medium size-medium\" alt=\"\" srcset=\"http:\/\/www.aikidofranchecomte.fr\/wp-content\/uploads\/2017\/06\/Aikido_\u00e9t\u00e9_14-15juillet2017_Doubs-212x300.jpg 212w, http:\/\/www.aikidofranchecomte.fr\/wp-content\/uploads\/2017\/06\/Aikido_\u00e9t\u00e9_14-15juillet2017_Doubs-724x1024.jpg 724w, http:\/\/www.aikidofranchecomte.fr\/wp-content\/uploads\/2017\/06\/Aikido_\u00e9t\u00e9_14-15juillet2017_Doubs.jpg 794w\" sizes=\"auto, (max-width: 212px) 100vw, 212px\" \/><\/a><\/p>\n"},"caption":{"rendered":""},"alt_text":"","media_type":"image","mime_type":"image\/jpeg","media_details":{"width":"794","height":"1123","hwstring_small":"height='96' width='67'","file":"2017\/06\/Aikido_\u00e9t\u00e9_14-15juillet2017_Doubs.jpg","sizes":{"thumbnail":{"file":"Aikido_\u00e9t\u00e9_14-15juillet2017_Doubs-150x150.jpg","width":"150","height":"150","source_url":"http:\/\/www.aikidofranchecomte.fr\/wp-content\/uploads\/2017\/06\/Aikido_\u00e9t\u00e9_14-15juillet2017_Doubs-150x150.jpg"},"medium":{"file":"Aikido_\u00e9t\u00e9_14-15juillet2017_Doubs-212x300.jpg","width":"212","height":"300","source_url":"http:\/\/www.aikidofranchecomte.fr\/wp-content\/uploads\/2017\/06\/Aikido_\u00e9t\u00e9_14-15juillet2017_Doubs-212x300.jpg"},"large":{"file":"Aikido_\u00e9t\u00e9_14-15juillet2017_Doubs-724x1024.jpg","width":"724","height":"1024","source_url":"http:\/\/www.aikidofranchecomte.fr\/wp-content\/uploads\/2017\/06\/Aikido_\u00e9t\u00e9_14-15juillet2017_Doubs-724x1024.jpg"},"full":{"file":"Aikido_\u00e9t\u00e9_14-15juillet2017_Doubs.jpg","width":794,"height":1123,"mime_type":"image\/jpeg","source_url":"http:\/\/www.aikidofranchecomte.fr\/wp-content\/uploads\/2017\/06\/Aikido_\u00e9t\u00e9_14-15juillet2017_Doubs.jpg"}},"image_meta":{"aperture":"0","credit":"","camera":"","caption":"","created_timestamp":"0","copyright":"","focal_length":"0","iso":"0","shutter_speed":"0","title":""}},"post":4386,"source_url":"http:\/\/www.aikidofranchecomte.fr\/wp-content\/uploads\/2017\/06\/Aikido_\u00e9t\u00e9_14-15juillet2017_Doubs.jpg","_links":{"self":[{"href":"http:\/\/www.aikidofranchecomte.fr\/index.php?rest_route=\/wp\/v2\/media\/4387","targetHints":{"allow":["GET"]}}],"collection":[{"href":"http:\/\/www.aikidofranchecomte.fr\/index.php?rest_route=\/wp\/v2\/media"}],"about":[{"href":"http:\/\/www.aikidofranchecomte.fr\/index.php?rest_route=\/wp\/v2\/types\/attachment"}],"author":[{"embeddable":true,"href":"http:\/\/www.aikidofranchecomte.fr\/index.php?rest_route=\/wp\/v2\/users\/5"}],"replies":[{"embeddable":true,"href":"http:\/\/www.aikidofranchecomte.fr\/index.php?rest_route=%2Fwp%2Fv2%2Fcomments&post=4387"}],"wp:attached-to":[{"embeddable":true,"post_type":"post","id":4386,"href":"http:\/\/www.aikidofranchecomte.fr\/index.php?rest_route=\/wp\/v2\/posts\/4386"}],"curies":[{"name":"wp","href":"https:\/\/api.w.org\/{rel}","templated":true}]}}

http://www.aikidofranchecomte.fr/wp-content/uploads/2017/06/Aikido_été_14-15juillet2017_Doubs.jpg

Aikido_été_14-15juillet2017_Doubs

<p class="attachment"><a href='http://www.aikidofranchecomte.fr/wp-content/uploads/2017/06/Aikido_été_14-15juillet2017_Doubs.jpg'><img loading="lazy" decoding="async" width="212" height="300" src="http://www.aikidofranchecomte.fr/wp-content/uploads/2017/06/Aikido_été_14-15juillet2017_Doubs-212x300.jpg" class="attachment-medium size-medium" alt="" srcset="http://www.aikidofranchecomte.fr/wp-content/uploads/2017/06/Aikido_été_14-15juillet2017_Doubs-212x300.jpg 212w, http://www.aikidofranchecomte.fr/wp-content/uploads/2017/06/Aikido_été_14-15juillet2017_Doubs-724x1024.jpg 724w, http://www.aikidofranchecomte.fr/wp-content/uploads/2017/06/Aikido_été_14-15juillet2017_Doubs.jpg 794w" sizes="auto, (max-width: 212px) 100vw, 212px" /></a></p>

2017/06/Aikido_été_14-15juillet2017_Doubs.jpg

Aikido_été_14-15juillet2017_Doubs-150x150.jpg

http://www.aikidofranchecomte.fr/wp-content/uploads/2017/06/Aikido_été_14-15juillet2017_Doubs-150x150.jpg

Aikido_été_14-15juillet2017_Doubs-212x300.jpg

http://www.aikidofranchecomte.fr/wp-content/uploads/2017/06/Aikido_été_14-15juillet2017_Doubs-212x300.jpg

Aikido_été_14-15juillet2017_Doubs-724x1024.jpg

http://www.aikidofranchecomte.fr/wp-content/uploads/2017/06/Aikido_été_14-15juillet2017_Doubs-724x1024.jpg

Aikido_été_14-15juillet2017_Doubs.jpg
